 = -6*n. Let k = n - 224. What are the prime factors of k?
7, 17
Let w(x) = -x**3 + 33*x**2 + 45*x + 82. Let u be w(34). Let z be 30/(-9)*(-3)/2. Suppose -z*v + u = -239. What are the prime factors of v?
139
Suppose 0 = -4*o - 5 + 33, -3*b + 258512 = -4*o. List the prime factors of b.
2, 5, 31, 139
Suppose 31*d = 26*d. Suppose -a = -o - 854, d = 5*a - 4*o + 2969 - 7235. What are the prime factors of a?
2, 5, 17
Let u be (0 + (-1 - 12/3))*1. Let l = 35 - u. Suppose -x = 4*o - 16, 0*x + l = 3*x + 4*o. List the prime factors of x.
2, 3
Let z(h) = h**2 + 12*h + 16. Let p be z(-11). Let w be ((-48)/(-10))/(2/p). List the prime factors of 18/7*(176/w - -4).
2, 3
Let q(y) = -y**2 - 46*y + 582. List the prime factors of q(-44).
2, 5, 67
Suppose -39*i + 31*i + 16 = 0. Suppose -i*h - 877 = -3*h + 2*m, 0 = 5*h + 5*m - 4355. What are the prime factors of h?
3, 97
Let j = 52609 + -21403. What are the prime factors of j?
2, 3, 7, 743
Suppose 3*x + 5453 = -5*t + 6*t, 9*t - x - 49077 = 0. List the prime factors of t.
7, 19, 41
Suppose -x - 2*x = 4*x - 68334. What are the prime factors of x?
2, 3, 1627
Let s(r) = 364*r - 1. Let g be s(19). Suppose 25 - g = -13*i. What are the prime factors of i?
2, 5, 53
Let c be ((45/(-10))/3)/((-12)/9472). Let k = 1757 - c. List the prime factors of k.
3, 191
Suppose 0 = -11*r + 10*r + 5. Suppose -4*m = -y + 415, 4*y - r*m = -0*m + 1682. What are the prime factors of y?
3, 47
Suppose 0 = -13*d + 56495 + 68448. List the prime factors of d.
7, 1373
Let i = -737 - -371. Let c = 852 + i. List the prime factors of c.
2, 3
Suppose -v - 16 = -5*o, 0 = 4*v - o - 1 - 11. Suppose v*l = 11*l - 2730. List the prime factors of l.
2, 3, 5, 13
Suppose 5*j - 6 = 2*j + 3*y, -4*j = 3*y - 43. Suppose -p + f - 1 + j = 0, 0 = p + f. Suppose p*b - 8*b = -230. List the prime factors of b.
2, 23
Let q = 22375 + -12629. List the prime factors of q.
2, 11, 443
Suppose 5*g - 12160 = -4*q + 55236, -5*q = -2*g - 84245. List the prime factors of q.
7, 29, 83
Let c be ((-49)/42*-3)/(2/(-16)). List the prime factors of c/224 + 11874/16.
2, 7, 53
Let q(x) = 743*x + 1729. List the prime factors of q(38).
19, 83
List the prime factors of (1754 - 3) + 40/(-4) + 2 + 4.
1747
Let i = 10763 - 5405. What are the prime factors of i?
2, 3, 19, 47
Suppose p + 2*l = 2*p - 36, 9 = -3*l. Suppose 372 = 52*o + 112. Let m = p - o. What are the prime factors of m?
5
Suppose 0*b + 13 = x - b, -4*b + 29 = 5*x. Suppose -112 = -14*j - 34*j - 8*j. Suppose 7*u + 4*i = x*u - 310, j*u = -i + 325. List the prime factors of u.
7, 23
Suppose -114*a + 48460 = -109*a. List the prime factors of a.
2, 2423
Suppose -2*y + 2*k = -0*y - 110, -y = -2*k - 50. Suppose -13023*n + 75 = -12998*n. List the prime factors of 2908*n/y - (-2)/(-5).
5, 29
List the prime factors of 625815/21 + 14/49 - -7.
2, 3, 23
Let q be -6 + ((-227)/3)/((-12)/252). Suppose -q = -0*u - u - 3*s, 5*s = -4*u + 6318. List the prime factors of u.
19, 83
Let w(q) = q**2 + 10*q - 3. Let r be w(-10). Let c be -4 - (0/r - 3). List the prime factors of c/((32/60)/(-8)).
3, 5
List the prime factors of (-298090)/(-104)*64/10.
2, 2293
Suppose 0 = 4*f + 5*g - 54561 - 81723, 7*f = -2*g + 238443. What are the prime factors of f?
34061
Let c(s) = s**3 + 9*s - s**2 - 4*s**2 - s**2 + 1. Let k be c(4). Suppose k*w = 2*w + 198. List the prime factors of w.
2, 3, 11
Let j(a) = 75*a + 35. Let z be j(7). Suppose -82 - z = -u. List the prime factors of u.
2, 3, 107
Let k be 3 + -1 + (65 - 3). Suppose -360*m + 365*m = 175. Suppose t - k = -m. What are the prime factors of t?
29
Let j(q) = 414*q**2 + 263*q - 6. What are the prime factors of j(13)?
73379
Suppose 8506 + 5714 = 18*d. Let w = 1790 - d. List the prime factors of w.
2, 5
Let m(n) = n**3 - n**2 - 3*n + 1. Let o be m(2). Let i be (2 + o)*(-1 - -12). Suppose 12*s - i*s = 213. List the prime factors of s.
3, 71
Let c = -3645 - -9961. List the prime factors of c.
2, 1579
Let t(q) = -6*q**3 + 172*q**2 - 50*q + 43. List the prime factors of t(18).
103, 193
Let j be 2/(4 + 93/(-24)). Suppose -b + j = 3*b. Suppose b*x + 222 = 6*x. What are the prime factors of x?
3, 37
Let b = 31 + -26. Suppose -31 = -3*o + 3*c - 8*c, -3*o + b*c = 19. Suppose -7*p = 5*m - o*p - 660, 0 = 2*m - 3*p - 284. What are the prime factors of m?
2, 17
Let w be 88 - -4 - (3 - (4 - 3)). Let j = w + -87. Suppose -8*a - j*m = -11*a + 336, 5*a + m = 530. What are the prime factors of a?
107
Suppose 19*y + 73620 = 55*y. What are the prime factors of y?
5, 409
Let c = 83 - 78. Suppose -3*a + 30 = c*v, 0*v - 5*v = 0. Let g = 47 + a. What are the prime factors of g?
3, 19
Let y = 59444 - 40699. List the prime factors of y.
5, 23, 163
Suppose 326*x - 1382550 + 21838 + 188416 = 0. What are the prime factors of x?
2, 29, 31
Let o be (-15)/((-120)/(-7648))*(-3)/4. Suppose o = 5*h - 113. List the prime factors of h.
2, 83
Let t(z) = 6*z**2 + 12*z - 44. Let c(k) = 5*k**2 + 13*k - 43. Let s(r) = 5*c(r) - 4*t(r). Let j be (297/132)/(4/16). List the prime factors of s(j).
3, 5, 13
Suppose -3*z + 206 = 2*b, z - 102 = -b - 0*b. Let v = 43 - b. Let x = 150 + v. List the prime factors of x.
3, 31
Suppose 0 = -603*q + 585*q + 408294. List the prime factors of q.
3, 7561
List the prime factors of 45911 + 272/((-304)/19).
2, 3, 7649
List the prime factors of -4 + 1140/(-1)*(-21)/(21/13).
2, 463
Suppose -15*y = -13*y + 4, 0 = 2*x - y - 5220. What are the prime factors of x?
2609
Let j(n) = 3*n + 25. Let k be j(-6). Suppose s - 3 = -2*l, k*s + l = 4*s - 6. What are the prime factors of (-54)/(s/(3/1))?
2, 3
Let t(a) = 5*a + 33. Let p be t(-2). Suppose -13727 - 14632 = -p*j. What are the prime factors of j?
3, 137
Suppose -9*r = -7*r + 3*r - 116305. List the prime factors of r.
7, 3323
Let l(s) = 13*s**3 + 2*s**2. Let u = 35 - 36. Let t be l(u). Let q = 219 + t. List the prime factors of q.
2, 13
Suppose -2*m - 512 = -502, -4*d + 3*m + 28971 = 0. List the prime factors of d.
3, 19, 127
Suppose 0 = 41*b + 8295 + 13845. List the prime factors of (-1)/5 - 313848/b.
7, 83
Let w be 6/((1/(-9))/((-11)/3)). Let b(j) = 35*j. Let o be b(-3). Let p = w + o. What are the prime factors of p?
3, 31
Let i = 280 + -280. Let g(o) = -o**3 + 2*o**2 - 3*o + 1055. What are the prime factors of g(i)?
5, 211
Suppose -2*k + 2504 = u, -20*k + 15*k + 2519 = u. List the prime factors of u.
2, 29, 43
Let j = 7 - 3. Suppose 9 = -j*s + s, 0 = -4*x + 4*s + 132. Let i = 67 - x. What are the prime factors of i?
37
Suppose -r + 2 = 0, 10*r - 6*r + 2 = g. Suppose g*w - 1012 = 9268. What are the prime factors of w?
2, 257
Let m(s) = s**2 + 18*s + 23. Let j be m(-17). Suppose -3*y + 3*a = -1197, -j*a - 792 = -2*y - a. List the prime factors of y.
401
Let y be (-40)/(-140) + (-107236)/(-14). Suppose -y = -268*l + 263*l. List the prime factors of l.
2, 383
Let u(y) = 261*y**2 + 361*y + 20. List the prime factors of u(-8).
2, 3, 1153
Suppose 12095 = r - 4*x, -354*r = -353*r + 5*x - 12041. List the prime factors of r.
12071
Let z = 76008 + -28257. List the prime factors of z.
3, 11, 1447
Let c = -178 + 190. Let d(h) = 2*h**2 - 11*h - 4. What are the prime factors of d(c)?
2, 19
Let f(v) = -33*v**3 + 4*v**2 - 3*v - 2. Let z be f(2). Let l = -141 - z. Let k = 192 - l. List the prime factors of k.
7, 11
Let o = 62 + -94. Let n(a) = 2*a**3 + 139*a**2 + 61*a - 387. Let d be n(-69). Let r = o + d. List the prime factors of r.
7, 19
Let x be (-18*(-1 - -2))/(-2). Suppose -x*z + 10 = -53. Suppose z*a + 5*a - 768 = 0. What are the prime factors of a?
2
Suppose f + 0*r + 3*r - 3407 = 0, -5*r - 17095 = -5*f. Suppose f = 4*y + 4*w, 3*y + 5*w + 743 = 3313. What are the prime factors of y?
2, 5, 17
Let l(m) be the first derivative of m**4/4 - m**3 - 11*m**2 + 45*m + 93. What are the prime factors of l(6)?
3, 7
Let t(q) = -15675*q - 326. What are the prime factors of t(-1)?
15349
Suppose 288 - 6 = 6*q. Let p = q + -51. List the prime factors of p/2 + (104 - -17).
7, 17
What are the prime factors of -5 + (18 - (-168 - 14))?
3, 5, 13
Let l = 9225 - 6760. List the prime factors of l.
5, 17, 29
Suppose -13*q - 16*q + 58 = 0. Let s(y) = 55*y**2 + 7*y + 3. What are the prime factors of s(q)?
3, 79
Let b = 121571 + -79774. What are the prime factors of b?
7, 853
Suppose w + 3*h = -2*h + 29, -10 = -2*h. S